{"id":93,"date":"2026-01-05T11:06:25","date_gmt":"2026-01-05T11:06:25","guid":{"rendered":"https:\/\/cwiklinska.pl\/?page_id=93"},"modified":"2026-01-30T17:30:41","modified_gmt":"2026-01-30T17:30:41","slug":"home","status":"publish","type":"page","link":"https:\/\/cwiklinska.pl\/","title":{"rendered":"Home"},"content":{"rendered":"<p>[et_pb_section fb_built=&#8221;1&#8243; admin_label=&#8221;Header&#8221; _builder_version=&#8221;4.27.5&#8243; _module_preset=&#8221;default&#8221; background_color=&#8221;RGBA(255,255,255,0)&#8221; background_image=&#8221;https:\/\/cwiklinska.pl\/wp-content\/uploads\/2026\/01\/z_kolibri-x.webp&#8221; parallax=&#8221;on&#8221; overflow-x=&#8221;hidden&#8221; overflow-y=&#8221;hidden&#8221; custom_margin=&#8221;||||false|false&#8221; custom_padding=&#8221;||||false|false&#8221; hover_enabled=&#8221;0&#8243; collapsed=&#8221;on&#8221; global_colors_info=&#8221;{}&#8221; sticky_enabled=&#8221;0&#8243;][et_pb_row _builder_version=&#8221;4.27.5&#8243; _module_preset=&#8221;default&#8221; min_height=&#8221;500px&#8221; hover_enabled=&#8221;0&#8243; global_colors_info=&#8221;{}&#8221; custom_padding=&#8221;400px||0px||false|false&#8221; custom_margin=&#8221;-28px|auto||auto|false|false&#8221; sticky_enabled=&#8221;0&#8243;][et_pb_column type=&#8221;4_4&#8243; _builder_version=&#8221;4.27.5&#8243; _module_preset=&#8221;default&#8221; hover_enabled=&#8221;0&#8243; global_colors_info=&#8221;{}&#8221; custom_padding=&#8221;||0px||false|false&#8221; sticky_enabled=&#8221;0&#8243;][et_pb_divider show_divider=&#8221;off&#8221; _builder_version=&#8221;4.27.0&#8243; _module_preset=&#8221;default&#8221; background_enable_pattern_style=&#8221;on&#8221; background_pattern_style=&#8221;crosses&#8221; background_pattern_color=&#8221;rgba(0,0,0,0.15)&#8221; background_pattern_size=&#8221;custom&#8221; background_pattern_width=&#8221;8px&#8221; positioning=&#8221;absolute&#8221; position_origin_a=&#8221;bottom_right&#8221; horizontal_offset=&#8221;-30%&#8221; width=&#8221;50vw&#8221; max_width=&#8221;600px&#8221; height=&#8221;50vw&#8221; max_height=&#8221;600px&#8221; border_radii=&#8221;on|100%|100%|100%|100%&#8221; global_colors_info=&#8221;{}&#8221;][\/et_pb_divider][et_pb_heading title=&#8221;\u201ePomi\u0119dzy bod\u017acem a reakcj\u0105 jest przestrze\u0144. W tej przestrzeni le\u017cy wolno\u015b\u0107 i moc wyboru naszej odpowiedzi\u201d.&#8221; _builder_version=&#8221;4.27.5&#8243; _module_preset=&#8221;54d1fe76-2cdc-46e8-8b0f-4452d32b0c9b&#8221; title_level=&#8221;h2&#8243; title_text_color=&#8221;#F9F7F2&#8243; title_font_size=&#8221;37px&#8221; hover_enabled=&#8221;0&#8243; global_colors_info=&#8221;{}&#8221; sticky_enabled=&#8221;0&#8243; custom_padding=&#8221;||0px||false|false&#8221; custom_margin=&#8221;||0px||false|false&#8221;][\/et_pb_heading][et_pb_heading title=&#8221;Viktor E. Frankl&#8221; _builder_version=&#8221;4.27.5&#8243; _module_preset=&#8221;54d1fe76-2cdc-46e8-8b0f-4452d32b0c9b&#8221; title_level=&#8221;h3&#8243; title_text_align=&#8221;right&#8221; title_text_color=&#8221;#F9F7F2&#8243; title_font_size=&#8221;30px&#8221; hover_enabled=&#8221;0&#8243; global_colors_info=&#8221;{}&#8221; custom_margin=&#8221;||0px||false|false&#8221; custom_padding=&#8221;||0px||false|false&#8221; sticky_enabled=&#8221;0&#8243;][\/et_pb_heading][\/et_pb_column][\/et_pb_row][\/et_pb_section][et_pb_section fb_built=&#8221;1&#8243; _builder_version=&#8221;4.27.5&#8243; _module_preset=&#8221;default&#8221; global_colors_info=&#8221;{}&#8221;][et_pb_row _builder_version=&#8221;4.27.5&#8243; _module_preset=&#8221;default&#8221; global_colors_info=&#8221;{}&#8221;][et_pb_column type=&#8221;4_4&#8243; _builder_version=&#8221;4.27.5&#8243; _module_preset=&#8221;default&#8221; global_colors_info=&#8221;{}&#8221;][et_pb_text _builder_version=&#8221;4.27.5&#8243; _module_preset=&#8221;default&#8221; text_text_color=&#8221;#2D3E33&#8243; header_text_color=&#8221;#2D3E33&#8243; hover_enabled=&#8221;0&#8243; global_colors_info=&#8221;{}&#8221; sticky_enabled=&#8221;0&#8243;]<\/p>\n<h2 style=\"font-weight: 400; text-align: left;\"><span>Zdarza si\u0119, \u017ce\u00a0czujemy si\u0119 zagubieni, bezradni, a\u00a0dotychczasowe sposoby radzenia sobie z\u00a0problemami przestaj\u0105 by\u0107 skuteczne.<\/span><\/h2>\n<h2 style=\"font-weight: 400;\"><span>Psychoterapia przynosi ulg\u0119 w cierpieniu, pomaga w lepszym zrozumieniu samego siebie i odkryciu istniej\u0105cych w nas zasob\u00f3w potrzebnych do wprowadzenia po\u017c\u0105danych zmian.<\/span><\/h2>\n<p>[\/et_pb_text][\/et_pb_column][\/et_pb_row][\/et_pb_section][et_pb_section fb_built=&#8221;1&#8243; module_id=&#8221;oferta&#8221; _builder_version=&#8221;4.27.5&#8243; _module_preset=&#8221;default&#8221; background_color=&#8221;RGBA(255,255,255,0)&#8221; background_image=&#8221;https:\/\/cwiklinska.pl\/wp-content\/uploads\/2026\/01\/z_AdobeStock_178423107.webp&#8221; parallax=&#8221;on&#8221; global_colors_info=&#8221;{}&#8221;][et_pb_row _builder_version=&#8221;4.27.5&#8243; _module_preset=&#8221;default&#8221; global_colors_info=&#8221;{}&#8221;][et_pb_column type=&#8221;4_4&#8243; _builder_version=&#8221;4.27.5&#8243; _module_preset=&#8221;default&#8221; global_colors_info=&#8221;{}&#8221;][et_pb_heading title=&#8221;Oferta&#8221; _builder_version=&#8221;4.27.5&#8243; _module_preset=&#8221;default&#8221; title_text_align=&#8221;center&#8221; title_text_color=&#8221;#F9F7F2&#8243; hover_enabled=&#8221;0&#8243; global_colors_info=&#8221;{}&#8221; title_level=&#8221;h1&#8243; sticky_enabled=&#8221;0&#8243; title_font_size_phone=&#8221;62px&#8221;][\/et_pb_heading][\/et_pb_column][\/et_pb_row][\/et_pb_section][et_pb_section fb_built=&#8221;1&#8243; _builder_version=&#8221;4.27.5&#8243; _module_preset=&#8221;default&#8221; width=&#8221;99.8%&#8221; global_colors_info=&#8221;{}&#8221;][et_pb_row _builder_version=&#8221;4.27.5&#8243; _module_preset=&#8221;default&#8221; global_colors_info=&#8221;{}&#8221;][et_pb_column type=&#8221;4_4&#8243; _builder_version=&#8221;4.27.5&#8243; _module_preset=&#8221;default&#8221; global_colors_info=&#8221;{}&#8221;][et_pb_accordion open_toggle_text_color=&#8221;#537558&#8243; _builder_version=&#8221;4.27.5&#8243; _module_preset=&#8221;default&#8221; toggle_text_color=&#8221;#A0866D&#8221; toggle_level=&#8221;h2&#8243; toggle_font_size=&#8221;30px&#8221; hover_enabled=&#8221;0&#8243; global_colors_info=&#8221;{%22gcid-primary-color%22:%91%22body_quote_text_color%22,%22quote_text_color%22,%22icon_color%22,%22body_quote_text_color%22,%22quote_text_color%22,%22icon_color%22,%22body_quote_text_color%22,%22quote_text_color%22,%22icon_color%22,%22body_quote_text_color%22,%22quote_text_color%22,%22icon_color%22,%22body_quote_text_color%22,%22quote_text_color%22,%22icon_color%22,%22body_quote_text_color%22,%22quote_text_color%22,%22icon_color%22,%22body_quote_text_color%22,%22quote_text_color%22,%22icon_color%22%93}&#8221; toggle_font_size_phone=&#8221;36px&#8221; sticky_enabled=&#8221;0&#8243;][et_pb_accordion_item title=&#8221;Psychoterapia&#8221; open=&#8221;on&#8221; _builder_version=&#8221;4.27.5&#8243; _module_preset=&#8221;default&#8221; hover_enabled=&#8221;0&#8243; global_colors_info=&#8221;{}&#8221; sticky_enabled=&#8221;0&#8243;]<\/p>\n<p>Wierz\u0119, \u017ce ludzie wiedz\u0105, czego potrzebuj\u0105, \u017ceby poczu\u0107 si\u0119 lepiej.<\/p>\n<p>Wsp\u00f3lnie z Pacjentem przygl\u0105dam si\u0119 relacji, jaka wyst\u0119puje mi\u0119dzy Jego my\u015blami, emocjami a dotychczasowym zachowaniem.<\/p>\n<p>W atmosferze uwa\u017cno\u015bci i spokoju towarzysz\u0119 w poszukiwaniu rozwi\u0105za\u0144 dostosowanych do indywidualnych potrzeb. Zak\u0142adam, \u017ce ka\u017cda osoba, z kt\u00f3r\u0105 pracuj\u0119 posiada w\u0142asne, wyj\u0105tkowe, nieodkryte dot\u0105d zasoby, potencja\u0142 i si\u0142\u0119, potrzebne do poradzenia sobie z kryzysem czy do\u015bwiadczanymi trudno\u015bciami.<\/p>\n<p>Pracuj\u0119 przestrzegaj\u0105c zasad Kodeksu Etyczno-Zawodowego Psychologa i Kodeksu Etycznego Psychoterapeuty.<\/p>\n<p><strong>Pomagam osobom, kt\u00f3re:<\/strong><\/p>\n<ul>\n<li>znajduj\u0105 si\u0119 w trudnej sytuacji \u017cyciowej i potrzebuj\u0105 wsparcia<\/li>\n<li>pragn\u0105 lepiej pozna\u0107 i zrozumie\u0107 siebie<\/li>\n<li>do\u015bwiadczaj\u0105 trudno\u015bci w budowaniu satysfakcjonuj\u0105cych, bliskich i trwa\u0142ych relacji<\/li>\n<li>prze\u017cywaj\u0105 stany l\u0119kowe, depresyjne lub do\u015bwiadczaj\u0105 przewlek\u0142ego napi\u0119cia<\/li>\n<li>czuj\u0105 si\u0119 bezsilne, zdezorientowane<\/li>\n<li>chc\u0105 lepiej rozpoznawa\u0107 i nazywa\u0107 swoje potrzeby<\/li>\n<li>cierpi\u0105 na zaburzenia psychosomatyczne<\/li>\n<li>o chc\u0105 pog\u0142\u0119bi\u0107 relacj\u0119 ze swoim cia\u0142em<\/li>\n<\/ul>\n<p>[\/et_pb_accordion_item][et_pb_accordion_item title=&#8221;Coaching zdrowia&#8221; _builder_version=&#8221;4.27.5&#8243; _module_preset=&#8221;default&#8221; global_colors_info=&#8221;{}&#8221; open=&#8221;off&#8221;]<\/p>\n<p>Cia\u0142o i umys\u0142 wzajemnie na siebie wp\u0142ywaj\u0105, ponad wszelk\u0105 w\u0105tpliwo\u015b\u0107 jedno zale\u017cy od drugiego. Pozwolenie sobie na chwile spokojnego prze\u017cywania i nauka bycia w prawdziwym kontakcie ze sob\u0105 bywa jednak nie\u0142atwym zadaniem. R\u00f3wnie\u017c dlatego proces kszta\u0142towania nowych nawyk\u00f3w jest zwykle roz\u0142o\u017cony w czasie i towarzyszy mu ca\u0142y szereg emocji.<\/p>\n<p>W pracy coachingowej skupiam si\u0119 na dzia\u0142aniach zmierzaj\u0105cych do budowania, wspierania i zwi\u0119kszania motywacji potrzebnej Pacjentowi do skutecznego wprowadzania zmian, tak aby uczyni\u0107 ten proces \u0142atwiejszym i skuteczniejszym. Wsp\u00f3lnie przygl\u0105damy si\u0119 temu, kt\u00f3re z codziennych zachowa\u0144 maj\u0105 charakter automatyczny a kt\u00f3re \u015bwiadomy. Ustalamy cele i plan dzia\u0142ania, kt\u00f3ry prowadzi do g\u0142\u0119bokiego porozumienia z w\u0142asnym cia\u0142em, jedzeniem i emocjami.<\/p>\n<p><strong>W ramach coachingu zdrowia pracuj\u0119 z osobami, kt\u00f3re:<\/strong><\/p>\n<ul>\n<li>maj\u0105 za sob\u0105 wielokrotne, nieskuteczne pr\u00f3by zmniejszenia masy cia\u0142a<\/li>\n<li>chcia\u0142yby bardziej troszczy\u0107 si\u0119 o siebie i swoje zdrowie, ale brakuje im motywacji<\/li>\n<li>cierpi\u0105 na choroby somatyczne i pragn\u0105 zwi\u0119kszy\u0107 komfort swojego \u017cycia<\/li>\n<li>pragn\u0105 trwale zmieni\u0107 swoje nawyki \u017cywieniowe<\/li>\n<li>podejrzewaj\u0105, \u017ce ich problemy z od\u017cywianiem wi\u0105\u017c\u0105 si\u0119 z trudno\u015bciami natury psychologicznej \u2013 przewlek\u0142ym stresem, traumatycznymi wydarzeniami z przesz\u0142o\u015bci, problemami w pracy, rodzinie czy w zwi\u0105zku<\/li>\n<li>z powodu problem\u00f3w z mas\u0105 cia\u0142a borykaj\u0105 si\u0119 ze spo\u0142eczn\u0105 dyskryminacj\u0105, niskim poczuciem w\u0142asnej warto\u015bci, trudno\u015bciami w relacjach spo\u0142ecznych i partnerskich<\/li>\n<\/ul>\n<p>[\/et_pb_accordion_item][et_pb_accordion_item title=&#8221;Konsultacje dla rodzic\u00f3w&#8221; _builder_version=&#8221;4.27.5&#8243; _module_preset=&#8221;default&#8221; global_colors_info=&#8221;{}&#8221; open=&#8221;off&#8221;]<\/p>\n<p>Konsultacje rodzicielskie s\u0142u\u017c\u0105 pog\u0142\u0119bieniu zrozumienia aktualnych potrzeb poszczeg\u00f3lnych cz\u0142onk\u00f3w rodziny. Pomagaj\u0105 przyjrze\u0107 si\u0119 wzorcom i przekonaniom w obszarze rodzicielskich r\u00f3l. Sprzyjaj\u0105 nazwaniu tego, co przeszkadza a co pomaga w dotychczasowym sposobie komunikacji.<br \/>Bo czasem bywa po prostu tak, \u017ce spos\u00f3b komunikacji wewn\u0105trz rodziny staje si\u0119 r\u00f3\u017cny od tego, jaki sobie wymarzyli\u015bmy.<\/p>\n<p><strong>Zapraszam rodzic\u00f3w, kt\u00f3rzy:<\/strong><\/p>\n<ul>\n<li>do\u015bwiadczaj\u0105 trudno\u015bci i w\u0105tpliwo\u015bci w relacjach z dzieckiem<\/li>\n<li>chc\u0105 wspiera\u0107 swoje dzieci w pokonywaniu naturalnych kryzys\u00f3w rozwojowych<\/li>\n<li>pragn\u0105 nauczy\u0107 si\u0119 komunikacji z dzieckiem \u2013 dostrzega\u0107, nazywa\u0107 emocje i nadawa\u0107 im znaczenie<\/li>\n<li>czuj\u0105 si\u0119 bezradni i zaniepokojeni swoimi reakcjami na emocje dziecka<\/li>\n<li>do\u015bwiadczaj\u0105 trudno\u015bci w obszarze komunikacji z drugim rodzicem<\/li>\n<li>niepokoj\u0105 si\u0119 pierwszymi oznakami rozwijaj\u0105cych si\u0119 u dzieci zaburze\u0144 od\u017cywiania<\/li>\n<li>pragn\u0105 wspiera\u0107 swoje dzieci w kszta\u0142towaniu prawid\u0142owych nawyk\u00f3w \u017cywieniowych, tak aby jedzenie zamiast frustracji sta\u0142o si\u0119 \u017ar\u00f3d\u0142em wsp\u00f3lnej przyjemno\u015bci w rodzinie <\/li>\n<\/ul>\n<p>[\/et_pb_accordion_item][\/et_pb_accordion][\/et_pb_column][\/et_pb_row][\/et_pb_section][et_pb_section fb_built=&#8221;1&#8243; module_id=&#8221;omnie&#8221; _builder_version=&#8221;4.27.5&#8243; _module_preset=&#8221;default&#8221; background_image=&#8221;https:\/\/cwiklinska.pl\/wp-content\/uploads\/2026\/01\/z_piora3.webp&#8221; parallax=&#8221;on&#8221; global_colors_info=&#8221;{}&#8221;][et_pb_row _builder_version=&#8221;4.27.5&#8243; _module_preset=&#8221;default&#8221; global_colors_info=&#8221;{}&#8221;][et_pb_column type=&#8221;4_4&#8243; _builder_version=&#8221;4.27.5&#8243; _module_preset=&#8221;default&#8221; global_colors_info=&#8221;{}&#8221;][et_pb_heading title=&#8221;O mnie&#8221; _builder_version=&#8221;4.27.5&#8243; _module_preset=&#8221;default&#8221; title_text_align=&#8221;center&#8221; title_text_color=&#8221;#F9F7F2&#8243; hover_enabled=&#8221;0&#8243; global_colors_info=&#8221;{}&#8221; title_level=&#8221;h1&#8243; sticky_enabled=&#8221;0&#8243; title_font_size_phone=&#8221;66px&#8221;][\/et_pb_heading][\/et_pb_column][\/et_pb_row][\/et_pb_section][et_pb_section fb_built=&#8221;1&#8243; admin_label=&#8221;Projects&#8221; _builder_version=&#8221;4.23.2&#8243; _module_preset=&#8221;default&#8221; custom_padding=&#8221;||0px||false|false&#8221; collapsed=&#8221;on&#8221; global_colors_info=&#8221;{}&#8221;][et_pb_row _builder_version=&#8221;4.23.2&#8243; _module_preset=&#8221;default&#8221; global_colors_info=&#8221;{}&#8221;][et_pb_column type=&#8221;4_4&#8243; _builder_version=&#8221;4.23.2&#8243; _module_preset=&#8221;default&#8221; global_colors_info=&#8221;{}&#8221;][et_pb_text _builder_version=&#8221;4.27.5&#8243; _module_preset=&#8221;default&#8221; global_colors_info=&#8221;{}&#8221;]<\/p>\n<p style=\"font-weight: 400;\"><span>Do\u015bwiadczenie zawodowe zdobywa\u0142am m.in.\u00a0w\u00a0Szpitalu Rehabilitacji Kardiologicznej w\u00a0Kiekrzu, Pozna\u0144skim O\u015brodku Zdrowia Psychicznego oraz\u00a0Poradni Zdrowia Psychicznego w\u00a0Mazowieckim Centrum Neuropsychiatrii.<\/span><\/p>\n<p style=\"font-weight: 400;\"><span>Stale podnosz\u0119 swoje kwalifikacje uczestnicz\u0105c konferencjach, szkoleniach i warsztatach.<\/span><\/p>\n<p style=\"font-weight: 400;\"><span>Swoj\u0105 prace terapeutyczn\u0105 poddaj\u0119 regularnej superwizji u certyfikowanych superwizor\u00f3w Polskiego Towarzystwa Psychologicznego i Polskiego Towarzystwa Psychiatrycznego.<\/span><\/p>\n<p style=\"font-weight: 400;\"><span>Opr\u00f3cz pracy terapeutycznej prowadz\u0119 zaj\u0119cia profilaktyczne i Trening Umiej\u0119tno\u015bci Psychologicznych dla m\u0142odzie\u017cy.<\/span><\/p>\n<ul>\n<li><span><strong>Psychologia kliniczn<\/strong>a \u2013 Wydzia\u0142 Nauk Spo\u0142ecznych, Uniwersytet Adama Mickiewicza w\u00a0Poznaniu<\/span><\/li>\n<li><span><strong>Psychodietetyka<\/strong> \u2013 studia podyplomowe, Szko\u0142a Wy\u017csza Psychologii Spo\u0142ecznej<\/span><\/li>\n<li><span><strong>Coaching Zdrowia<\/strong> \u2013 studia podyplomowe, Collegium Civitas<\/span><\/li>\n<li><span><strong>Neuroobrazowanie struktury i\u00a0funkcji ludzkiego m\u00f3zgu<\/strong> \u2013 szkolenie odbyte w\u00a0Instytucie Biologii Do\u015bwiadczalnej im.\u00a0Marcelego N\u0119ckiego<\/span><\/li>\n<li><span><strong>Trzymodu\u0142owe szkolenie z\u00a0Terapii Schematu<\/strong> akredytowane przez\u00a0International Society of Schema Therapy (ISST)<\/span><\/li>\n<li><span><strong>Kurs psychoterapii<\/strong> atestowany przez\u00a0Polskie Towarzystwo Psychologiczne i\u00a0Polskie Towarzystwo Psychiatryczne \u2013 Polski Instytut Ericksonowski<\/span><\/li>\n<\/ul>\n<p style=\"font-weight: 400;\">[\/et_pb_text][\/et_pb_column][\/et_pb_row][\/et_pb_section][et_pb_section fb_built=&#8221;1&#8243; module_id=&#8221;kontakt&#8221; _builder_version=&#8221;4.27.5&#8243; _module_preset=&#8221;default&#8221; background_image=&#8221;https:\/\/cwiklinska.pl\/wp-content\/uploads\/2026\/01\/z_chmury.webp&#8221; parallax=&#8221;on&#8221; global_colors_info=&#8221;{}&#8221;][et_pb_row _builder_version=&#8221;4.27.5&#8243; _module_preset=&#8221;default&#8221; global_colors_info=&#8221;{}&#8221;][et_pb_column type=&#8221;4_4&#8243; _builder_version=&#8221;4.27.5&#8243; _module_preset=&#8221;default&#8221; global_colors_info=&#8221;{}&#8221;][et_pb_heading title=&#8221;Kontakt&#8221; _builder_version=&#8221;4.27.5&#8243; _module_preset=&#8221;default&#8221; title_text_align=&#8221;center&#8221; title_text_color=&#8221;#3E4A3F&#8221; hover_enabled=&#8221;0&#8243; global_colors_info=&#8221;{}&#8221; title_level=&#8221;h1&#8243; sticky_enabled=&#8221;0&#8243; title_font_size_phone=&#8221;66px&#8221;][\/et_pb_heading][\/et_pb_column][\/et_pb_row][\/et_pb_section]<\/p>\n","protected":false},"excerpt":{"rendered":"<p>Zdarza si\u0119, \u017ce\u00a0czujemy si\u0119 zagubieni, bezradni, a\u00a0dotychczasowe sposoby radzenia sobie z\u00a0problemami przestaj\u0105 by\u0107 skuteczne. Psychoterapia przynosi ulg\u0119 w cierpieniu, pomaga w lepszym zrozumieniu samego siebie i odkryciu istniej\u0105cych w nas zasob\u00f3w potrzebnych do wprowadzenia po\u017c\u0105danych zmian.Wierz\u0119, \u017ce ludzie wiedz\u0105, czego potrzebuj\u0105, \u017ceby poczu\u0107 si\u0119 lepiej. Wsp\u00f3lnie z Pacjentem przygl\u0105dam si\u0119 relacji, jaka wyst\u0119puje mi\u0119dzy Jego [&hellip;]<\/p>\n","protected":false},"author":1,"featured_media":0,"parent":0,"menu_order":0,"comment_status":"closed","ping_status":"closed","template":"","meta":{"_et_pb_use_builder":"on","_et_pb_old_content":"","_et_gb_content_width":"","footnotes":""},"class_list":["post-93","page","type-page","status-publish","hentry"],"_links":{"self":[{"href":"https:\/\/cwiklinska.pl\/index.php\/wp-json\/wp\/v2\/pages\/93","targetHints":{"allow":["GET"]}}],"collection":[{"href":"https:\/\/cwiklinska.pl\/index.php\/wp-json\/wp\/v2\/pages"}],"about":[{"href":"https:\/\/cwiklinska.pl\/index.php\/wp-json\/wp\/v2\/types\/page"}],"author":[{"embeddable":true,"href":"https:\/\/cwiklinska.pl\/index.php\/wp-json\/wp\/v2\/users\/1"}],"replies":[{"embeddable":true,"href":"https:\/\/cwiklinska.pl\/index.php\/wp-json\/wp\/v2\/comments?post=93"}],"version-history":[{"count":26,"href":"https:\/\/cwiklinska.pl\/index.php\/wp-json\/wp\/v2\/pages\/93\/revisions"}],"predecessor-version":[{"id":22260,"href":"https:\/\/cwiklinska.pl\/index.php\/wp-json\/wp\/v2\/pages\/93\/revisions\/22260"}],"wp:attachment":[{"href":"https:\/\/cwiklinska.pl\/index.php\/wp-json\/wp\/v2\/media?parent=93"}],"curies":[{"name":"wp","href":"https:\/\/api.w.org\/{rel}","templated":true}]}}